/(-90))?
10
Calculate the remainder when 11 is divided by 5/2 - 2 - (-35)/10.
3
Let i(c) = 2*c - c + 4 - 1. Let d(u) = -u - 1. Let t(p) = 4*d(p) + i(p). Calculate the remainder when t(-5) is divided by 5.
4
Let f = -12 - -83. Let p = f + -52. Calculate the remainder when 112 is divided by p.
17
Suppose -2*y + 79 = -3*y. Suppose 2*n + 2*n - 16 = 0, 2*n = -2*z - 282. Let t = y - z. What is the remainder when t is divided by 17?
15
Suppose -198*z - 20 = -199*z. What is the remainder when 50 is divided by z?
10
What is the remainder when (2/6)/((-13)/(-2847)) is divided by 59?
14
Suppose 10 = 2*k, p - 6 - 1 = k. What is the remainder when 20 is divided by p?
8
Suppose -26 = -3*w + 2*w. Let s(u) = -u**3 - 4*u**2 + 10*u. Let q(l) = -8*l**2 + 2*l - 1. Let a be q(1). What is the remainder when s(a) is divided by w?
25
Let r = 512 - 502. What is the remainder when 229 is divided by r?
9
Let z = -9 + 14. Suppose 5*i - 155 = 5*q, 44 + 59 = 3*i - z*q. Suppose -5*k + 7*k = i. Calculate the remainder when 62 is divided by k.
10
Suppose -2*t - 2 = 20. Let q = t - -29. Suppose -52 = -5*w + 4*w. Calculate the remainder when w is divided by q.
16
Let g(p) = -p**3 - 9*p**2 - 7*p + 1. Let f be 4/((-27)/6 + 4). Let l be g(f). Let c = 4 - l. Calculate the remainder when 19 is divided by c.
8
Let u = -91 + 214. What is the remainder when u is divided by 18?
15
Let z be (31 + -1)/1 - (4 + -1). Let i = 40 - z. What is the remainder when 38 is divided by i?
12
What is the remainder when 65 is divided by -3 - (-30 + (-6)/(-2 - -8))?
9
Let m(q) = q + 16. Let o be m(-12). Suppose -2*i + 0 - o = 2*n, -16 = 2*i + 5*n. What is the remainder when -2 + (-1)/(i/(-50)) is divided by 12?
11
Calculate the remainder when (-3*1/9)/(6/(-1710)) is divided by 19 + 1 - -2 - -2.
23
Suppose 3*z - y = -369, -3*y = -4*z - 6*y - 505. Calculate the remainder when 1*z/(-7) + 4/14 is divided by 7.
4
Let z(v) = -v**3 - 5*v**2 - 2*v - 3. Let p be -4 + 1/2*-2. Calculate the remainder when 34 is divided by z(p).
6
Let s = -1 + 9. Suppose -7*r + 24 = -3*r. What is the remainder when s is divided by ((-3)/r)/(1/(-6))?
2
Let i = 127 - 78. Calculate the remainder when i is divided by 21.
7
Suppose -6*x + x = 4*y - 3, 3*x = -y - 1. Suppose a + 2*a - 444 = 0. Suppose a = -y*g + 6*g. What is the remainder when g is divided by 20?
17
Let o(x) = -x**3 - 5*x**2 - 3*x - 10. Let t be o(-4). Let f = t + 8. Calculate the remainder when f/21 - 640/(-35) is divided by 10.
8
Let w = -98 + 98. Suppose -3*a = 3*i - 204 - 24, w = i + 2. Let p = 68 - 41. Calculate the remainder when a is divided by p.
24
Let c(l) = l**3 + 11*l**2 - 5*l - 10. Let v be c(-11). Calculate the remainder when 67 is divided by -4 + 1/(3/v) + 3.
11
Let h(l) = 4*l. Calculate the remainder when h(2) is divided by 6/4*1/((-16)/(-32)).
2
Let u = 468 + -427. What is the remainder when 79 is divided by u?
38
Let w be (-2)/(12/3)*-6. Suppose -q - w*d = -4, -42 = -4*q - 3*d + 4*d. What is the remainder when q is divided by 4?
2
Let q be 24/(-2)*(-15)/4. Suppose -f + 6*f - q = -n, -28 = -f - 4*n. What is the remainder when 13 is divided by f?
5
Calculate the remainder when 223 is divided by 81 - 60 - 4/2.
14
Let a(x) = 5*x - 36. Let m(j) = -11*j + 73. Let u(b) = -9*a(b) - 4*m(b). What is the remainder when 62 is divided by u(0)?
30
Suppose 0 = 5*p - 4*c - 150 + 20, 26 = p - 2*c. Suppose -4*v + 3*v = -3. Suppose 75 = v*t + 2*t. What is the remainder when p is divided by t?
11
Let w be (8 - -2) + 2/2. Let g(i) = i**3 - 10*i**2 - 9*i + 9. Calculate the remainder when g(w) is divided by 17.
14
Suppose 14 = 5*m - 6. Suppose m*f - 4 = -0. What is the remainder when 29 is divided by (-16*f)/(14/(-7))?
5
Calculate the remainder when 43 is divided by -1*(-192)/14 + (-2)/(-7).
1
Suppose 0 = z - l - 39, 2*z + 2*l - 118 + 56 = 0. Calculate the remainder when 289 is divided by z.
9
Suppose -4*p - 4*v + 336 = -v, -2*v - 95 = -p. Let q(r) = 3*r**2 + 17*r - 17. What is the remainder when p is divided by q(-7)?
10
Suppose -15 = 9*g - 6. Let v = 41 - 3. What is the remainder when v is divided by 8 + -1 + 8/2 + g?
8
Suppose -4*m = -4*s + 84, -4*s - 2*m = -33 - 69. Let h = 129 + -10. What is the remainder when h is divided by s?
23
Let w = -2 - -5. Suppose 5*m + 5 - 7 = 2*i, -4 = -2*m. Calculate the remainder when i is divided by w.
1
What is the remainder when (-10 - (-12 + 3))/(2/(-342)) is divided by 26?
15
Let y = 151 + -20. Let n = -851 - -885. Calculate the remainder when y is divided by n.
29
Let v(n) = 7*n - 8. Let k(m) = 25*m. Let d be ((-2)/(-4))/(1/2). What is the remainder when k(d) is divided by v(3)?
12
Suppose 0 = -g + 26*g - 2550. Calculate the remainder when g is divided by 52.
50
Let a = 120 - -49. Let r = -100 + a. What is the remainder when r is divided by 18?
15
Let x(p) be the third derivative of p**5/60 - p**4/8 - 17*p**3/6 + 6*p**2. Calculate the remainder when 42 is divided by x(7).
9
Let p = -26 - -41. Calculate the remainder when p is divided by 12.
3
Suppose -3*t = -5*a - 7*t + 96, 4*t - 48 = -2*a. Suppose 14*i + 10 = a*i. What is the remainder when 8 is divided by i?
3
Suppose 5*h - 300 = -5*u, -4*u + u = -5*h - 188. Calculate the remainder when u is divided by 21.
19
Let a be 1*-1 - (-6 + 2). Let q = a - -86. Let g = q + -61. What is the remainder when 55 is divided by g?
27
Let w(y) = 19*y - 25. Let q be w(4). Suppose t + 111 = 2*i, i - 7*t - q = -2*t. What is the remainder when 106 is divided by i?
50
Let z(d) = 1 + 6*d**2 - 6*d + 2*d**3 - 9*d + 14*d + 0. What is the remainder when 6 is divided by z(-3)?
2
Let s(n) = n**3 - 16*n**2 - n + 65. Calculate the remainder when 144 is divided by s(16).
46
Let v be ((-2)/4)/(5/(-170)). Suppose -5*g + 5 = n - 13, -5*g = 2*n - 16. Let i = v + n. What is the remainder when 43 is divided by i?
13
Suppose -3*s = 4*f + 8, -3*s + s = -4*f - 28. Suppose 13 = -2*z + 5, -16 = s*u + 5*z. What is the remainder when 3 is divided by u?
0
Suppose 243*s = 240*s - 3*o + 21, -2*s + o + 17 = 0. Calculate the remainder when 1318 is divided by s.
6
Suppose -4*t + t = -4*z - 305, -3*z + 3 = 0. What is the remainder when t is divided by (-5 - -27) + 2/(-2)?
19
Suppose -g - 2*g + 9 = 0. What is the remainder when 60 is divided by 4 + (18*2)/g?
12
Suppose -w - 1 = -3. Suppose 4*c - w*r - 274 = 0, -4*c + 167 = -5*r - 116. Let q = -39 + 53. Calculate the remainder when c is divided by q.
11
Calculate the remainder when 321 is divided by (15/(-10))/(15/(-140)).
13
Suppose -4*q + 2*o - 161 = 33, 3*o = -15. Let p = q + 74. Calculate the remainder when p is divided by 14.
9
Let m(j) = 2*j**2 + j - 14. Let k be m(-6). Suppose 115 - k = r. Let g = -7 + 23. Calculate the remainder when r is divided by g.
15
Let j = -1654 - -1676. Calculate the remainder when 152 is divided by j.
20
Let p(t) = -t**3 - 10*t**2 + 12*t + 92. What is the remainder when p(-13) is divided by 145?
8
Suppose 221*v - 205*v = 1632. What is the remainder when v is divided by 51?
0
Let p = 536 - 498. Calculate the remainder when 214 is divided by p.
24
Let s(b) = -b**3 + 6*b**2 - 7*b + 9. Let f be ((5 + 1)/12)/((-1)/(-8)). Calculate the remainder when 38 is divided by s(f).
12
Suppose 0 = 40*f + 9*f - 1519. What is the remainder when 82 is divided by f?
20
Let b(f) = -2*f**2 - f + 9. Let q(l) = -2*l**2 - l + 8. Let a(t) = 3*b(t) - 4*q(t). What is the remainder when a(-3) is divided by 4?
2
Let v(j) = -j**3 + 34*j**2 - 61*j - 50. What is the remainder when 409 is divided by v(32)?
41
Suppose -s + 72 = s. What is the remainder when s is divided by -1 - (-1 - -3)/((-48)/504)?
16
Let r be 5 + (4 - 5) - -1. Suppose -s = 3*n - 8, -n + 3*s - r*s + 1 = 0. What is the remainder when 3 is divided by n?
0
Suppose 0 = 5*t - 15. Suppose 5*q + u = 9, -2*u - 7 = -4*q + t. Let k(h) = 2*h**3 - 4*h**2 + 3*h - 1. Calculate the remainder when 18 is divided by k(q).
3
Suppose -l + 2*l = -m - 6, 0 = 4*m - 4*l + 8. Calculate the remainder when 392/20*(-10)/m is divided by 26.
23
Let f(k) = -k**3 - k**2 - 2*k + 1. Let j be f(0). Let o(n) = 47*n**2 - 2*n + 2. Let u be o(j). Let i = u - 20. Calculate the remainder when 78 is divided by i.
24
Let v = 45 - 40. Let p(c) = 5 - 1 + 2*c**2 - 2 + 2*c. Calculate the remainder when p(v) is divided by 13.
10
Let r(v) = v**2 - 19*v - 39. What 